- 5*o + 15. Let w(m) = -m**2 - 2*m + 8. Let v(b) = -3*l(b) + 7*w(b). Let k be v(0). Suppose 3*i - 1 = k. What is the units digit of i?
4
Let v = -30 + 122. What is the tens digit of v?
9
Suppose 3*l = 43 + 8. Suppose 2*z = 3*u - 24, -u + 5*z - 3*z + 4 = 0. Let v = l - u. What is the units digit of v?
7
Suppose -94 = 7*b - 367. What is the tens digit of b?
3
Let p(c) = -c**3 + 2*c**2 + 4*c - 1. Let h be (6/4)/(1/2). Let q be p(h). Suppose -7*v + q*v + 5 = 0. What is the units digit of v?
1
Suppose p + 5*a = 300, 0*p + 5*p + 3*a - 1434 = 0. Suppose -3*i + p = 5*t, 4*t = 5*i - 71 + 262. What is the units digit of t?
4
Suppose -3 = 2*o + 1. What is the units digit of 25 - (2 + -4)/o?
4
Let a(s) = -8*s - 7. What is the tens digit of a(-5)?
3
What is the hundreds digit of -3 - 1/((-1)/159)?
1
Suppose 2*o = 7*o + 35. Let z = 12 + o. What is the units digit of z?
5
Let c(y) = -y**3 + 4*y**2 + 2*y - 6. Let s be c(4). Let j be (6/(-9))/(s/(-6)). What is the tens digit of 80/12*3/j?
1
Let y(k) = k**2 - 4. Let r be y(-4). Suppose r = 2*w + 2. What is the units digit of w?
5
Suppose -c - 2*v = -2*c + 1, -3*v + 26 = 4*c. Suppose 0 = -c*z + 15 + 5. Suppose 0 = z*r - 16 - 8. What is the units digit of r?
6
Let k(x) = 9*x**2 - 5*x - 7. What is the tens digit of k(-4)?
5
Let f(p) = -p**3 + 5*p**2 - 2*p + 3. What is the tens digit of f(4)?
1
Let g = 37 + -28. What is the units digit of g?
9
Let w(u) = 9*u + 5. Let k(l) = -36*l - 21. Let v(f) = -2*k(f) - 9*w(f). What is the tens digit of v(-2)?
1
Let f(m) = -1 + 4*m + 3*m**2 - m**2 - m**2. What is the tens digit of f(-6)?
1
Let f(i) = 45*i + 1. Suppose 4*w + w = 5. What is the tens digit of f(w)?
4
Let j = -21 + 40. Suppose j + 3 = p + q, 98 = 5*p - q. What is the units digit of p?
0
Let t = -41 + 69. What is the units digit of t?
8
Suppose -3*r - 1 + 7 = 0. What is the units digit of r/3 + (-10)/(-3)?
4
Suppose 5 - 1 = 4*h. Suppose h + 2 = 3*f. Let z = f - -7. What is the units digit of z?
8
Suppose -15 = 2*a + 5*p, 3*a - p + 5 = -5*p. Suppose 0 = a*o - 2*o - 3. What is the units digit of o?
1
Let j be (3 + -1 - 2)/2. Suppose j*d - d + 8 = 0. Suppose 0*f = f - d. What is the units digit of f?
8
Let j(z) = 25*z - 6 + 4 + 1 + 4*z. Let c be j(1). Suppose -a = -4*l - 2*a + c, 5*l - 35 = a. What is the units digit of l?
7
Let y = 17 + -10. Suppose 4*p = -5*u + 241, -3*u - 191 = -y*u - 5*p. Suppose 30 = 2*r + t, -3*r = 4*t - u + 9. What is the units digit of r?
6
Let a(q) = -q**2 - 7*q - 6. Let i be a(-6). Suppose i = 3*b, r = -6*b + 2*b. Suppose 0 = -5*o - 2*t + 37, r = -o - 2*t - 3*t - 11. What is the units digit of o?
9
Let p = 15 - 8. Suppose p = 2*i + 3. What is the units digit of i?
2
Let j(t) = -t - 7. Let s be j(-3). Let m be ((-6)/5)/(s/10). Suppose 0*x - x + m = 0. What is the units digit of x?
3
What is the tens digit of ((-19)/(-4) + -4)/((-2)/(-64))?
2
What is the tens digit of (-195)/(-13) - (1 - 0)?
1
Let d(r) = 5*r + 4. Let w(h) = -h - 1. Let p(x) = -d(x) - 4*w(x). What is the units digit of p(-1)?
1
Suppose 3 = -q + 8. Let s = -7 - -7. Let w = s + q. What is the units digit of w?
5
Let f(r) = r**2 + 2*r - 14. What is the units digit of f(-6)?
0
Suppose -28*x + 153 = -25*x. What is the tens digit of x?
5
Suppose 2*i = -3*p + 43, 3*i - 3*p - 21 - 21 = 0. What is the units digit of i?
7
Suppose -6*q + 3*q + 6 = 0. Suppose -4*b + 4 = 2*y, 0 = -2*y + 3*b - q - 1. Suppose 0*d - d + 6 = y. What is the units digit of d?
6
Let l = 94 - 33. What is the units digit of l?
1
Let s(l) = 2*l - 6. Let v = 9 - 4. Let n be s(v). Suppose -32 - 28 = -n*i. What is the units digit of i?
5
What is the tens digit of (32/(-6) - -4)*-21?
2
Suppose 409 = -8*q + 1113. What is the units digit of q?
8
Let o(g) = g**2 - 2*g**2 - 4*g + g**2 - 2 + g**2. Let p be o(6). What is the units digit of p*(-6)/15*-1?
4
Let a = -14 - -30. What is the tens digit of a?
1
Let v(n) = -2*n**2 - n - 5. Let d(w) = -3*w**2 - w - 5. Let p(a) = -3*d(a) + 4*v(a). Let y be p(0). What is the units digit of (8/5)/((-2)/y)?
4
Let z be ((0 - -10)*-1)/2. Let b = z - -8. Suppose -7 = -b*j - l, 3*l - 2 = -4*j - 1. What is the units digit of j?
4
Suppose 3*p = -0*p + 210. Suppose -2*n + p = -2*v - 0*v, 0 = -n - 4*v + 10. What is the units digit of n?
0
Let l = 2 + 26. What is the tens digit of l?
2
Suppose -2*i - 2*j + 10 = i, -2*i + 20 = -2*j. Suppose 60 = -3*q + i*q. What is the tens digit of q?
2
Suppose -14 = 5*l + 31. Let d = 5 - l. What is the units digit of d?
4
Suppose -2*p - 3*p = -2*c + 16, 3*c - 13 = 2*p. What is the units digit of (p - (-3)/2)*-4?
2
Let b be 3 - 2 - (-4)/2. What is the units digit of (5 - b)/((-2)/(-9))?
9
Let i be (-6)/(-9)*6/4. Let m be (i - 0)/((-3)/(-63)). Suppose -2*g + m = g. What is the units digit of g?
7
Let k(w) = 2*w - 3. Let n be k(5). Suppose -n = 5*f - 17. What is the units digit of f?
2
Let f = -15 + 21. Let j = f - 16. What is the units digit of (-4)/j - 28/(-5)?
6
Let p = 3 + 1. Suppose -r - 85 = -2*x, p*r + 109 = 2*x + 9. What is the units digit of x?
0
What is the units digit of (-2 - -3) + -4 - -86?
3
Let j = 11 + 2. What is the tens digit of j?
1
Suppose 5*c - 4*s = -0*s + 165, -5*s = 0. What is the units digit of c?
3
Suppose 0*t - 13 = -t + 4*z, -t = 5*z + 14. Suppose 0 = 2*w - 3 - 1, -2*f - w = -12. Let u = f - t. What is the units digit of u?
4
Suppose -5*l - 3*a - a = -6, 6 = 4*l + 2*a. Suppose -7*b + l*b = -70. Suppose 1 = w - 1, -2*s + 2*w + b = 0. What is the units digit of s?
9
Let l(p) = -p**3 - 5*p**2. Let d be l(-5). Let g be (d - 9)*1/(-3). What is the units digit of g/((-9)/(-12)) - 0?
4
Let z(t) = -4*t. Let w be z(-1). Suppose w*p - 4 = -0. What is the units digit of p?
1
Let u be -1 + 3 - (0 - 0). Suppose -4*j - 20 = 0, u*j = -4*g + 4*j + 42. What is the units digit of g?
8
Let d(m) = -m**2 - 6*m + 4. Let y be d(-7). Let w = 1 - 6. Let h = y - w. What is the units digit of h?
2
What is the hundreds digit of ((-152)/(-8))/((-3)/(-30))?
1
Let r(m) = -m**3 - 6*m**2 - m + 7. What is the tens digit of r(-6)?
1
Let d = 3 - -5. Suppose -10 = -5*o, -6*o + 2*o + d = 3*a. Let k = a - -4. What is the units digit of k?
4
What is the hundreds digit of 1 - -1 - 1/((-4)/692)?
1
Suppose -2*y = 2*x + 6, -2*x + 7*x = 4*y - 33. Suppose y = -q + 9. What is the units digit of 1/2*-2 + q?
6
Let z = 151 - 128. What is the tens digit of z?
2
Suppose -s - 2*l + 33 = 4*s, -s + 2*l = -9. Let u = -4 + s. What is the units digit of u?
3
Let t(n) = -n + 4. Let k be t(6). Let y be (0 + k)/((-4)/(-14)). What is the units digit of (-2)/(-4 - -2) - y?
8
Let u = 5 + 11. What is the units digit of u?
6
Suppose -10 = -3*p + 65. What is the tens digit of p?
2
Suppose 4*c + d + 0*d = 68, 0 = 3*d - 12. Suppose -3*k = 4 - c. Suppose 8 = 4*o, k - 30 = -3*v - 4*o. What is the units digit of v?
6
Suppose 2*h - 3*c - 9 = -2*c, -3*c + 39 = 5*h. Let g(v) = v + 1. What is the units digit of g(h)?
7
Let l(y) = -7 - 6 + 6 - 5*y. What is the tens digit of l(-6)?
2
Let f(l) = 0*l + 2*l**2 + 0*l. Let g be f(-1). Suppose g*i = -3*i - 2*x + 68, 5*x - 80 = -5*i. What is the units digit of i?
2
Let l(d) = -14*d + 1. Let h be l(-1). Suppose -h = -9*i + 4*i. What is the units digit of i?
3
Let z = 12 - 22. Suppose 59 = 3*f - 7*f + m, -f + 3*m - 1 = 0. Let t = z - f. What is the units digit of t?
6
Let m be (3/(-4))/((-2)/8). What is the tens digit of 8/12*m + 34?
3
Suppose i + 2*t - 4*t = 158, -2*t = -10. What is the units digit of i?
8
Suppose 0 = 3*m - 2*m - 2*k, 4 = 3*m - 4*k. Suppose 0 = -4*d + 2*d + m. Suppose -o + a = -8, -d*o + 2*a + 44 = 7*a. What is the tens digit of o?
1
Let p = 524 - 307. What is the tens digit of p?
1
What is the hundreds digit of (1/2)/(3 + 977/(-326))?
1
Suppose -2*c = -5*i - 5*c + 25, -2*i - 5*c = -10. Suppose 3*p - 54 = -i*k, 2*p + 2*p = 2*k - 6. What is the units digit of k?
9
Let r be 4/(-18) - (-58)/18. Suppose r*c = -3 + 6. Suppose 2*d - 1 = c. What is the units digit of d?
1
Let m be 19/2 + 4/(-8). Let k = -6 + m. Suppose -3*z + 39 = -3*j, -z - 21 = -2*z + k*j. What is the units digit of z?
9
Suppose 0 = 2*p + 5*q + 14, p - 19 = 4*q - 0. Let w = p + -2. Suppose 3*o + w = 4*o. What is the units digit of o?
1
Let r = 160 + -3. What is the tens digit of r?
5
Let p be 2/(5/(15/(-2))). Let a(i) = -4*i. What is the unit